 11*v - 84. Give l(5).
-54
Let o(g) = -g**2 - 36*g + 566. Determine o(-48).
-10
Let p(b) = 2*b**3 - 5*b**2 - 15*b. What is p(-2)?
-6
Let t(n) = -n**3 + 9*n**2 + 10*n - 16. Determine t(9).
74
Let w(k) = 12*k + 132. Give w(-6).
60
Let t(p) = -p**3 + 20*p**2 + p - 32. What is t(20)?
-12
Let v(d) = d**3 - 11*d**2 - 4*d - 58. What is v(11)?
-102
Let x(j) = 3*j**2 - 29*j + 25. Calculate x(16).
329
Let l(j) = 12*j**2 - 54*j - 10. Give l(5).
20
Let d(g) = -9*g**3 + 371*g**2 - 78*g - 174. Give d(41).
-10
Let b(j) = -11*j**2 - 31*j + 53. Determine b(-12).
-1159
Let i(p) = 33*p**2 + 61*p - 62. Calculate i(1).
32
Let a(d) = d**2 + 34*d - 1175. What is a(21)?
-20
Let p(q) = q**2 + 130*q + 2489. Calculate p(-20).
289
Let f(z) = -12*z + 244. Give f(16).
52
Let c(q) = 129*q**2 - 1293*q. Calculate c(10).
-30
Let s(q) = -q**3 + 6*q**2 - 2*q + 26. Calculate s(-5).
311
Let k(m) = -299*m - 3611. Determine k(-12).
-23
Let u(c) = 10*c - 37. Determine u(18).
143
Let j(u) = -13980*u + 69929. What is j(5)?
29
Let f(d) = -1713*d + 18845. Determine f(11).
2
Let g(p) = -p**2 - 11*p + 270. What is g(11)?
28
Let k(j) = -j**3 - 32*j**2 + 50*j + 711. Give k(-33).
150
Let d(n) = n**3 + 35*n**2 - 7*n - 353. Calculate d(-35).
-108
Let c(k) = k**3 + 52*k**2 - 73*k - 1044. Calculate c(-53).
16
Let t(n) = 14*n**3 - 2*n**2 + 8*n - 7. Determine t(1).
13
Let u(n) = n**3 - 17*n**2 + 29*n + 28. What is u(15)?
13
Let v(c) = -74*c + 3229. What is v(44)?
-27
Let k(f) = f**3 + 13*f**2 + 3*f - 166. What is k(-10)?
104
Let a(i) = 6421*i - 64202. Calculate a(10).
8
Let m(r) = r**2 + 204*r + 2056. What is m(-11)?
-67
Let u(b) = -b**3 + 14*b**2 + 39*b - 704. Give u(13).
-28
Let r(g) = -g**2 + 20*g - 93. Calculate r(14).
-9
Let m(z) = 2*z**3 - 44*z**2 + 95*z - 291. Give m(20).
9
Let a(g) = -193*g - 82. Calculate a(-2).
304
Let g(j) = -j**2 - 2649*j - 42129. Calculate g(-16).
-1
Let a(x) = -x**3 - 26*x**2 - 113*x - 40. Determine a(-18).
-598
Let h(b) = 168*b - 4265. Give h(28).
439
Let v(g) = -g**2 - 66*g - 234. Give v(-63).
-45
Let l(c) = -43*c - 387. What is l(-9)?
0
Let v(p) = 7*p**3 - 19*p**2 + 12*p + 5. Determine v(1).
5
Let b(o) = -99*o - 1104. Calculate b(-11).
-15
Let s(f) = f**3 + 5*f**2 + 3*f + 29. Give s(-5).
14
Let x(v) = -v**2 + 1206*v - 6019. Give x(5).
-14
Let m(v) = -149*v + 2593. Calculate m(17).
60
Let w(z) = 8560*z - 42800. Calculate w(5).
0
Let g(x) = -x**2 - 17*x + 161. Determine g(-24).
-7
Let z(d) = -40*d + 2736. Give z(79).
-424
Let p(t) = t**3 + 28*t**2 + 86*t - 125. Give p(-24).
115
Let i(p) = p**3 + 83*p**2 + 158*p - 326. Determine i(-81).
-2
Let z(u) = u**2 + 84*u + 1058. What is z(-17)?
-81
Let q(c) = -60*c + 358. Calculate q(5).
58
Let k(x) = x**2 + 9372*x + 18738. Give k(-2).
-2
Let s(i) = -i**2 - 44*i - 278. Calculate s(-8).
10
Let q(j) = j**2 + 15*j - 76. What is q(-23)?
108
Let p(s) = 93*s + 3993. Calculate p(-42).
87
Let h(t) = t**3 - 36*t**2 - 186*t - 780. Give h(41).
-1
Let l(d) = -34*d + 3025. Give l(88).
33
Let j(u) = -u**3 - 2*u**2 - 41*u - 401. Determine j(-6).
-11
Let t(b) = 8469*b + 143980. Calculate t(-17).
7
Let d(w) = -95*w**2 - w - 9. Calculate d(0).
-9
Let z(n) = 2*n**3 - 160*n**2 - 157*n - 412. Determine z(81).
-7
Let v(l) = l**2 + 649*l + 3219. What is v(-5)?
-1
Let v(l) = l**2 + 27*l + 149. What is v(-15)?
-31
Let a(c) = 16*c + 265. Determine a(-12).
73
Let b(r) = 5*r**2 - 12*r - 21. Calculate b(-4).
107
Let x(j) = j**3 + 8*j**2 + 43*j - 115. Give x(2).
11
Let j(x) = x**2 - 19*x - 19. Calculate j(21).
23
Let d(u) = -9*u - 148. What is d(-14)?
-22
Let o(a) = a**2 - 179*a - 2495. Determine o(192).
1
Let i(v) = 80*v - 2793. Calculate i(35).
7
Let j(u) = 1263*u + 1252. Determine j(-1).
-11
Let t(r) = 7*r**2 - 119*r + 37. Calculate t(15).
-173
Let x(q) = q**3 - 7*q**2 + 5*q - 9. Calculate x(5).
-34
Let g(n) = -3*n**3 + 6*n**2 - 7*n + 47. What is g(5)?
-213
Let g(k) = -k**2 - 5*k + 9. Determine g(22).
-585
Let a(q) = -q**3 + 11*q**2 + 3*q - 18. Give a(10).
112
Let b(w) = -5362*w - 5391. Determine b(-1).
-29
Let b(w) = -w**3 + 37*w**2 - 158*w - 94. Calculate b(32).
-30
Let c(b) = -6*b**2 - 389*b + 203. Determine c(-65).
138
Let g(k) = -k**2 + 14*k + 6. What is g(14)?
6
Let h(a) = a**3 + 22*a**2 - 45*a - 280. Determine h(-23).
226
Let o(y) = 48*y + 9212. Give o(-192).
-4
Let f(j) = -2*j**3 + 9*j**2 + 66*j + 35. Determine f(-5).
180
Let s(v) = -v**3 + 67*v**2 - 923*v - 804. Give s(47).
-5
Let f(w) = 34*w + 1046. Determine f(-32).
-42
Let a(w) = w**3 + 37*w**2 + 181*w + 101. Calculate a(-5).
-4
Let v(p) = -7*p**2 - 126*p + 33. Give v(-19).
-100
Let y(v) = 66*v**2 - 270*v + 268. What is y(1)?
64
Let t(i) = -2*i**3 + 57*i**2 + 179*i - 744. Give t(31).
0
Let v(x) = 39*x + 694. Calculate v(-18).
-8
Let c(d) = -248*d + 972. Calculate c(4).
-20
Let r(h) = -2*h**3 + 114*h**2 + 118*h - 119. What is r(58)?
-3
Let g(f) = 31*f + 292. Give g(-11).
-49
Let j(c) = 4*c**3 + 12*c**2 + 3*c - 4. Give j(-2).
6
Let h(b) = -3*b**3 + 488*b**2 + 656*b + 8. Give h(164).
8
Let n(b) = b**3 + 12*b**2 + 15*b + 69. Determine n(-11).
25
Let l(k) = k**3 - 47*k**2 + 460*k + 81. Calculate l(33).
15
Let m(h) = -3*h**3 - 21*h**2 + 79*h + 450. Calculate m(-6).
-132
Let n(d) = 2*d**2 - 118*d - 157. Determine n(59).
-157
Let l(z) = -z**3 + 40*z**2 + 83*z - 10. What is l(42)?
-52
Let v(z) = 2*z**3 + 48*z**2 - 8*z + 54. Give v(-24).
246
Let w(d) = 14340*d - 71696. Determine w(5).
4
Let o(a) = a**3 + 21*a**2 + 408*a + 7761. Calculate o(-20).
1
Let q(v) = -3*v**2 - 22*v + 27. Calculate q(-10).
-53
Let f(s) = s**3 + 7*s**2 + 9*s + 42. Give f(-7).
-21
Let o(k) = -203*k + 108. Give o(0).
108
Let v(y) = 2*y**3 - 46*y**2 - 18*y + 405. What is v(23)?
-9
Let v(z) = -13*z - 810. What is v(-67)?
61
Let s(i) = -i**3 + 34*i**2 - 144*i - 26. Calculate s(29).
3
Let m(y) = -12*y**3 - 88*y**2 - 14*y + 14. Determine m(-7).
-84
Let s(n) = -3*n**3 + 128*n**2 + 14*n + 1251. What is s(43)?
4
Let f(b) = 2835*b - 51036. What is f(18)?
-6
Let k(c) = -c**3 + 11*c**2 - 2*c + 54. Calculate k(8).
230
Let f(k) = -k**3 - k**2 + 17*k + 10. Determine f(-5).
25
Let v(h) = 32*h + 2300. Give v(-72).
-4
Let d(b) = -11*b**3 + 2*b**2 + 8*b + 8. Calculate d(-1).
13
Let i(t) = -t**3 - 47*t**2 - t - 61. Give i(-47).
-14
Let q(m) = -m**3 - 7*m**2 + 100*m + 14. Give q(-14).
-14
Let j(n) = 4*n + 51. Calculate j(-11).
7
Let n(f) = 4*f**3 + f**2 - 33*f + 86. Give n(4).
226
Let z(s) = s + 33. What is z(8)?
41
Let f(x) = -35*x - 19. Give f(-1).
16
Let d(n) = n**2 + 53*n + 425. Calculate d(-9).
29
Let l(w) = 430*w - 910. Give l(2).
-50
Let f(r) = -5*r + 35. Calculate f(-6).
65
Let t(k) = -49*k - 547. What is t(-13)?
90
Let g(r) = -r**2 - 16*r + 131. Determine g(-30).
-289
Let t(y) = 2*y**3 + 17*y**2 + 24*y + 28. Calculate t(-8).
-100
Let p(g) = -g**2 - 1860*g + 105330. Calculate p(55).
5
Let x(k) = -992*k - 14869. Calculate x(-15).
11
Let y(h) = -3*h**2 - 78*h - 407. What is y(-7)?
-8
Let g(b) = -2*b**2 + 32*b - 8. Determine g(14).
48
Let v(k) = k**2 + 1200*k - 16983. Determine v(14).
13
Let l(o) = -8*o**3 + 3*o**2 + 2*o + 3. Give l(-3).
240
Let g(i) = 42*i - 335. Determine g(9).
43
Let y(v) = v**3 - 4*v**2 + 137*v - 1111. Give y(7).
-5
Let o(a) = -a**3 + 47*a**2 - 459*a - 32. What is o(14)?
10
Let o(r) = -1192*r - 4905. Give o(-4).
-137
Let s(i) = -134*i + 1127. Calculate s(8).
55
Let w(b) = -738*b + 3709. Give w(5).
19
Let o(s) = -2*s**2 - 221*s - 997. What is o(-5)?
58
Let n(d) = 64*d - 12. Determine n(-1).
-76
Let k(o) = -34644*o - 34643. Calculate k(-1).
1
Let b(g) = 5*g**2 + 50*g + 45. Determine b(-10).
45
Let m(i) = -i**3 + 20*i**2 - 83*i + 10. Calculate m(6).
16
Let k(s) = 26*s**2 + 255*s - 53. Determine k(-10).
-3
Let f(n) = -n**2 + 25*n - 115. Determine f(17).
21
Let y(l) = -2*l**3 - 123*l**2 - 62*l - 83. What is y(-61)?
-22
Let q(t) = 2*t**3 - 5*t**2 + 39*t - 474. Calculate q(6).
12
Let q(n) = -n + 40. What is q(6)?
34
Let p(k) = -k**2 - 855*k + 9521. Determine p(11).
-5
Let i(n) = -n**2 + 452*n - 9864. Give i(23).
3
Let t(v) = 82*v - 1483. Give t(18).
-7
Let l(w) = 628*w + 11256. What is l(-18)?
-48
Let s(g) = -4*g**2 + 608*g - 1225. Determine s(150).
-25
Let s(o) = -o**2 + 11*o + 79. Determine s(18).
-47
Let f(j) = 2*j**2 + 125*j + 1915. Determine f(-27).
-2
Let l(q) = 30*q + 109. What is l(-3)?
19
Let d(r) = 2*r**3 - 36*r**2 +